rs of w/((3 + 1)/i)?
3, 11
Let t be -4 - -3*(-1 - -2). What are the prime factors of t/(-2)*(0 - -22)?
11
Suppose 5*t - 9*t = -5*p + 160, -4*p + 92 = 4*t. What are the prime factors of p?
2, 7
Let i be (-6)/30 + 54/(-5). Let u = i - -106. List the prime factors of u.
5, 19
Suppose v = -3*h - h + 14229, 3*v = -3*h + 10683. What are the prime factors of h?
2, 7, 127
Suppose 16*b = 18*b - 2512. What are the prime factors of b?
2, 157
Suppose 25*a - 4*o = 24*a + 1886, -3822 = -2*a - 2*o. What are the prime factors of a?
2, 953
Let f = -8 - -10. Suppose -5*y = -f*y + 582. List the prime factors of 1/(-3) - y/6.
2
Let l = 199 + 442. Let i = l - 394. What are the prime factors of i?
13, 19
Suppose 3*x + 0*x + 3*s = 10596, -2*x + s + 7079 = 0. List the prime factors of x.
3, 131
Let t = 81 + 10. Suppose -3*m + 117 = -i - t, -147 = -2*m - i. List the prime factors of m.
71
Suppose 0 = 2*j + 3*o - 1555, 3*j + 123*o = 118*o + 2332. List the prime factors of j.
19, 41
List the prime factors of (-81 + 1)/((-38)/323).
2, 5, 17
Suppose -81*x + 109557 = -18*x. What are the prime factors of x?
37, 47
What are the prime factors of (204/(12/3) - -3) + -1?
53
Suppose 0 = 2*d + 4*a + 3 + 1, -a = -5*d + 1. Suppose 0 = -d*h + 3*h + 6, 5*y + 74 = 3*h. What are the prime factors of 0*4/(-12) - y?
2
Let g(k) = -k**2 + 12*k - 15. Let j be g(10). Let p(r) = -3*r + 3. Let x be p(-10). Suppose 12 = -3*v, j*v + 0*v + x = c. What are the prime factors of c?
13
Suppose -5*m = -4*j + 555 + 1387, 4*m = -8. Suppose 0 = 6*p - 3*p - j. List the prime factors of p.
7, 23
Let p(n) = 5*n - 15. Let a be p(4). Let w be 2 + 0 - 2*1. Suppose 0 = a*k + 3*u - 113, 0*k - k - 2*u + 17 = w. List the prime factors of k.
5
Let f(c) = -c**2 - 6*c + 8. Let r be 18/(-6) + 1*-3. Let o be f(r). Suppose -2*i = -48 + o. List the prime factors of i.
2, 5
Suppose -k = i - 4 + 3, 0 = 3*k - 2*i - 8. What are the prime factors of k/(-2) - (-33 + -1)?
3, 11
Suppose -2*b + 5*h + 54 - 19 = 0, -2*b + 3*h + 25 = 0. Suppose -4*f + 171 = b*o, -f - 101 = -3*o - 3*f. What are the prime factors of o?
31
Suppose 10 = 3*u - 2. Suppose u*h = -h + 30. List the prime factors of h*2/(-4) - -13.
2, 5
Suppose -7*b + 285 = 47. Let p = 166 - b. List the prime factors of p.
2, 3, 11
Let l(d) = -d**2 + 5*d + 11. Let i be l(6). Suppose -3*r - 379 = -5*m - i*r, -5*m + 4*r = -397. What are the prime factors of m?
7, 11
Suppose 4*g + 8430 + 2626 = 0. Let f be g/(-20) + 4/5. Let n = -83 + f. What are the prime factors of n?
2, 7
Suppose 38*u - 39*u + 2434 = 0. What are the prime factors of u?
2, 1217
Let a be (-3 + 3)/(0 + 1). Suppose a = 6*b - 2*b - 4. Let j = b + 13. What are the prime factors of j?
2, 7
Let p(j) = 2*j + 25. Let f be p(-5). Suppose -5*q - 33 = -h + f, 0 = 4*h + 5*q - 242. List the prime factors of h.
2, 29
Let a(c) = -108*c + 26. Let r be a(-6). Suppose -2*q - z + 149 = -115, z + r = 5*q. What are the prime factors of q?
2, 67
Let m = -40 + 222. List the prime factors of m.
2, 7, 13
Let b be (-222)/(-42) - (-2)/(-7). Suppose 3*r = -2*z + 159 + 107, -4*z + b*r = -510. Suppose -18 + 3 = -3*u, -4*u = 2*t - z. What are the prime factors of t?
5, 11
Let m be (-2)/(-1)*63/18. Suppose 0 = -m*u + 4*u + 6. Suppose -3*a = -5*z + a + 292, -u*a - 116 = -2*z. List the prime factors of z.
2, 3, 5
Let d = 4001 - 2243. Suppose -6*l = -d - 276. List the prime factors of l.
3, 113
List the prime factors of (-387)/6*264/(-99).
2, 43
Let d = -457 - -861. What are the prime factors of d?
2, 101
Let j(a) = a**2 - 10*a - 9. Let z be j(-9). Let b = -24 + z. List the prime factors of b.
2, 3, 23
Let v(r) = 3*r + 68. Let d = 66 - 66. What are the prime factors of v(d)?
2, 17
Suppose 210 = 4*t - 2*s, -6*s = -5*t - 4*s + 260. Let j be (-75)/10*4/(-6). Suppose 0*g + g + 56 = 2*q, j*g - t = -q. List the prime factors of q.
2, 3, 5
Let w(r) = 13*r**2 + 18*r + 13. List the prime factors of w(7).
2, 97
Let w(y) = 355*y**2 + 31*y + 2. What are the prime factors of w(3)?
2, 5, 7, 47
Let i be ((-2)/(-5))/(1/5). Suppose 0*g + i*g = 70. Suppose 0 = -3*z + g + 43. List the prime factors of z.
2, 13
Let x(h) = 33*h**2 + h - 8. List the prime factors of x(2).
2, 3, 7
Let u(s) be the first derivative of -8 + 26*s + 1/2*s**2. List the prime factors of u(0).
2, 13
Let b(s) = s + 8*s**2 - 4 - 1 + 24*s**3 - 25*s**3. What are the prime factors of b(8)?
3
Suppose -4*z - 232 = 4*r, 3*r + 4*z = 42 - 221. Let w = -10 - r. List the prime factors of w.
43
Suppose -5*l + 10 + 10 = 0. Suppose -18 = 3*t - 8*t - 3*j, 5*t - 19 = -l*j. List the prime factors of (0 - 22/(-1)) + t.
5
Let c = 351 - 223. Let u = -52 + c. List the prime factors of u.
2, 19
Let z(n) = n**3 + 25*n**2 - 16*n + 2. Let f be z(-11). Let o be -1 + (f/(-3))/(-4). Let i = -108 + o. List the prime factors of i.
47
Let j(k) = 103*k - 170. List the prime factors of j(9).
757
Suppose 3 = 3*c - 6. Suppose -11 = -c*z + 5*r, 2*r - 7 = -3*z + 3*r. Suppose -133 = -4*x + 2*x + 3*g, 0 = -4*x + z*g + 270. List the prime factors of x.
2, 17
Suppose -d - 435 = -k, -4*d - 1198 = -5*k + 979. What are the prime factors of k?
19, 23
Suppose -60*c - 82110 = -111*c. List the prime factors of c.
2, 5, 7, 23
Suppose -13*v = -17023 + 4517. What are the prime factors of v?
2, 13, 37
Suppose -23*x = -22*x - 30. List the prime factors of x.
2, 3, 5
Let s = 8 + -10. Let v be (-3)/6*0/s. Suppose v*c + 28 = 4*c. List the prime factors of c.
7
List the prime factors of 926/6 - -15*(-12)/(-108).
2, 3, 13
Let f(d) = d**2 - 4*d + 25. Let z be f(6). List the prime factors of ((-1)/(3/z))/((-2)/18).
3, 37
Suppose -13*z + 43693 = -0*z. What are the prime factors of z?
3361
Suppose y = a + 10, a + y - 8 = -28. Let z = 22 + a. List the prime factors of z + 4/(4/2).
3
Suppose -a + 1428 = -5*f + 263, 4576 = 4*a + f. List the prime factors of a.
5, 229
Suppose u + 3*q + 1070 = 0, -2185 = 2*u - 0*u - 3*q. What are the prime factors of 2/(-5) + u/(-25)?
43
Let z(g) = -g**2 - 10*g + 5. Let t be z(-10). Let w(h) = -h + 5. Let v be w(t). Suppose u - 3*u - 80 = -3*r, v = 4*u + 16. What are the prime factors of r?
2, 3
Let k(p) = -2 - 48*p**3 - 68*p**2 + 68*p**2 - 25*p**3 - 3*p. List the prime factors of k(-1).
2, 37
Let z(w) = 2*w**2 - 8*w - 16. Let i be z(6). What are the prime factors of 264 - 8/(i/(-5))?
269
Suppose 5*c - 4*c = 4. Suppose 2*v - 25 = -5*s, c*s - 6 = 2*v + 14. Let f = 23 - s. List the prime factors of f.
2, 3
Suppose -648*y = -666*y + 34434. List the prime factors of y.
1913
Suppose 4*w + u = -119, 5*w - u = 4*u - 130. Let m = 13 - w. What are the prime factors of m?
2, 3, 7
Let u(r) = -r**3 + 20*r**2 - 29*r - 16. Let a(p) = -p**2 + p + 1. Let v(q) = 2*a(q) - u(q). List the prime factors of v(21).
2, 3, 19
Let j(k) = -2*k**2 + 23*k - 8. Let q be j(9). Suppose -q = -5*p + 18. What are the prime factors of p?
11
Let a(l) = l**2 + 1. Let n(u) = -12*u**2 + u - 3. Let b(h) = -3*a(h) - n(h). Let q = -1 + 2. List the prime factors of b(q).
2
Let r(y) = 7*y - 35. Let c be r(6). Suppose 284 = -c*p + 872. What are the prime factors of p?
2, 3, 7
Let i = 4311 - 2474. List the prime factors of i.
11, 167
Let r be (4/(-8))/(1/36*-2). List the prime factors of (-1*1 - (-252)/r) + 3.
2, 3, 5
Let f be (-4)/((-24)/(-9)) + 98/(-4). Let l = -3 + 3. List the prime factors of l - f*(-4)/(-8).
13
Let f = 3461 + -1386. List the prime factors of f.
5, 83
Let q be 4 + -6 + (-2 - -6). Suppose 27 = -5*d + q*d. Let g = d - -20. List the prime factors of g.
11
Let p be 28/98 + 110/7. Let f = -12 + p. Suppose 42 = f*n - 42. List the prime factors of n.
3, 7
Let l be 3/(((-3)/2)/(42/(-28))). Suppose -2*k - 172 = -l*k. List the prime factors of k.
2, 43
Let l be -4 + 0 - (-5 + 5). Let n(j) = -3*j + 7. List the prime factors of n(l).
19
Let a(p) = -p + 17. Let s be a(14). Suppose -56 = -3*r - 5*b, -2*b = -s*r - r + 92. List the prime factors of r.
2, 11
Suppose 2*b = -0*b + 6. Suppose b*x - x - 6 = 0. Suppose 0 = x*y - 41 + 2. What are the prime factors of y?
13
Suppose 5*l = 9 - 4. Let t(r) = -r**2 - r + 1. Let h(c) = -3*c**2 - 7*c + 5. Let n(a) = l*h(a) - 6*t(a). List the prime factors of n(3).
23
Let n(u) = u**3 - u**2 - 2*u. Let w = 20 - 18. Let x be n(w). Let p(t) = t**2 + t + 10. What are the prime factors of p(x)?
2, 5
Let x be (-2 + -2)/((-14)/(-119)